g(4). Let w(u) = u**2 + u - 19. List the prime factors of w(f).
23
Let h(u) = 22*u + 41. Let p be h(11). Let o = p - 78. List the prime factors of o.
5, 41
Let b(d) = -16 - 8 + 7 + d + 7*d. What are the prime factors of b(9)?
5, 11
Suppose -2*m + 5*x = 426, 4*m - x + 816 = -0*x. Let q = m - -287. Suppose 7*a = 10*a - q. List the prime factors of a.
2, 7
Let r(q) = 18*q + 3. Let o = -1 - -4. List the prime factors of r(o).
3, 19
Suppose 39*m = 41*m. Suppose 240 = 5*c + 4*a + 55, m = 2*c + 5*a - 57. What are the prime factors of c?
41
Suppose 7*d - 4*s = 8*d - 255, -2*d + 2*s = -500. What are the prime factors of d?
251
Let g = -30 - -28. Let y = 10 + g. List the prime factors of y.
2
Suppose 22 - 1 = c + 3*p, -4 = c - 2*p. Suppose -c*d = -226 - 404. List the prime factors of d.
3, 5, 7
Let x(i) be the third derivative of 2/15*i**5 - 1/24*i**4 + 3*i**2 + 0 + 1/6*i**3 + 0*i. List the prime factors of x(2).
31
Let y be 3*14 + (1 - -1). Suppose 21 = -w + 5. What are the prime factors of w/(-4) + 1 + y?
7
Let c be 4/6 + 144/27. Suppose -o - 9 = 4*k, c = 5*o + 3*k - 0*k. List the prime factors of 222/(-9)*o/(-2).
37
Let v = 33 + -27. Suppose o = -v*o + 1106. List the prime factors of o.
2, 79
Let m(u) = u**3 - 12*u**2 - u + 12. What are the prime factors of m(17)?
2, 3, 5
Let y(m) = -m**3 + 6*m**2 + 11*m - 15. Let r be y(7). Suppose -3*k + 4*u + 148 = 0, k + 4*u - r = 31. What are the prime factors of k?
2, 3
Let m be 0*(0 + 1) - (0 - 0). Suppose -25*n + 29*n - 448 = m. What are the prime factors of n?
2, 7
Suppose -480 = -5*u - 5*x, 2*u + 4*x + 116 = 3*u. What are the prime factors of u?
2, 5
Let h be 5/((-15)/(-2)) - 201/(-9). Suppose 22*y = h*y - 91. What are the prime factors of y?
7, 13
Let n be (-120)/(-36)*3/2. Suppose 0 = -3*b - 4*v + n*v + 89, 54 = 2*b + 2*v. Let i = 83 - b. List the prime factors of i.
2, 3
List the prime factors of ((-1610)/(-15))/(-7*12/(-2394)).
7, 19, 23
Let b be -1 - -4 - 10/(-5). Suppose 0 = f - b*f + 116. List the prime factors of f.
29
Suppose -4*j + 2*z = -26, 5*j + 6*z = z - 5. Let h be 4/8*-2 + j. Suppose h*g = 8 + 10. List the prime factors of g.
2, 3
Suppose 0 = 4*j - 2*n - 2322, 2*j + 2*j + 4*n = 2292. What are the prime factors of j?
2, 17
Let k(w) = -w - 3. Let h be k(-3). Suppose 3*i + 4*j = 23 + 47, h = 2*i - 4*j - 20. List the prime factors of 178/11 - i/99.
2
Let b = 2 - -2. Let m(a) be the second derivative of 7*a**3/3 + 15*a**2/2 + 454*a. List the prime factors of m(b).
71
Suppose 0 = -9*y + 140 + 427. List the prime factors of y.
3, 7
Let q(n) = -n**3 - 3*n**2 + 27*n - 2. List the prime factors of q(-9).
241
Suppose a - 163 = 3*b, -5*a - 4*b + 0*b = -834. What are the prime factors of a?
2, 83
Suppose 5*p - 2*l = 27, 4*p - 14 = p - l. Suppose 33 = p*u + 8. Suppose u*a - 8 = 32. List the prime factors of a.
2
Suppose 20 = -5*h - 5*b, 3*h + b = -2*h - 4. Suppose h = -p + 5*p - 136. Let y = -20 + p. What are the prime factors of y?
2, 7
Let m = -5438 + 9614. List the prime factors of m.
2, 3, 29
Let u = 1308 - -9. What are the prime factors of u?
3, 439
Let c(y) = 242*y - 3. Suppose 10 - 16 = -6*f. List the prime factors of c(f).
239
Let b(m) = -9 + 4 - 73*m + 0 - 2. What are the prime factors of b(-1)?
2, 3, 11
Let x = 288 + -67. What are the prime factors of x?
13, 17
Suppose -c + 3820 = 5*d - 5*c, 0 = -3*d - 5*c + 2292. List the prime factors of d.
2, 191
Suppose 6141 = 5*l - 4*k, -4*k = 5*l - 0*k - 6149. What are the prime factors of l?
1229
Suppose 0 = 2*h + 2 - 0. List the prime factors of ((-1)/h)/(1/38).
2, 19
Suppose -15*g = -13*g - 8. Let a be (-1 - (2 - g)) + 1. Suppose w + 5*t = 6, 2*t - 6*t - 26 = -a*w. List the prime factors of w.
11
Let q(z) = 7*z**3 + 7*z**2 - 2*z + 20. List the prime factors of q(5).
2, 5, 53
Let a be (32/10)/(2/5). Let j be (a/(-6))/(2/(-6)). Suppose -j*z = 4*d - 104, -2*z + 4*d - 50 = -4*z. What are the prime factors of z?
3
Suppose -2*u + 5*p - 5 = 0, 0*p = 5*u - 2*p + 44. Let l(m) be the first derivative of -m**2/2 - 3*m + 70. What are the prime factors of l(u)?
7
Let r(b) = -b**3 + 4. Let w be r(-2). List the prime factors of 742/12 + w/72.
2, 31
Let p be 8/(160/(-428)) + 4/10. Let y(h) = -2*h**3 - 41*h**2 + 20*h + 29. What are the prime factors of y(p)?
2, 5
Suppose x = 3 + 2. Let l(t) = -4*t - 7. Let s(m) = 13*m + 21. Let q(v) = -7*l(v) - 2*s(v). List the prime factors of q(x).
17
Let u(i) = -i**3 - 30*i**2 - 49*i + 71. List the prime factors of u(-29).
3, 7, 31
Let t = 260 - 173. Let z(c) = -8*c**2 - 5*c - 4. Let u be z(-3). Let l = u + t. What are the prime factors of l?
2, 13
Let o(u) = 7*u**2 + 13*u + 45. What are the prime factors of o(-4)?
3, 5, 7
Let u be (2 + -4)*((-375)/10 - 3). Suppose -5*t = 15, 3*t + u = x - 44. What are the prime factors of x?
2, 29
Suppose -3 = 4*a - 7. Let u(y) = 0 - a + 2 + 54*y**2. What are the prime factors of u(1)?
5, 11
Let v = 369 - 117. Suppose -2*t = 4*h - v, -4*t + 17 = 3*h - 177. List the prime factors of h.
2, 31
Let o(b) = b - b**3 - 1 + b**3 + b**2 + 6*b**3. Let g be o(1). Let f = 6 + g. What are the prime factors of f?
13
Suppose -7*l = -9*l. Suppose l = -3*k + 361 + 431. What are the prime factors of k?
2, 3, 11
Let d(x) = -x**2 - 12*x - 16. Let g be d(-10). List the prime factors of (1 - -1)/(g/22).
11
Let u(t) = 2*t + 17. Let b be u(-7). Suppose s - 81 = 4*q, 88 = -b*s - 3*q + 361. List the prime factors of s.
89
Suppose 0 = -2*c - 4*d + 7*d - 113, 4*d + 12 = 0. Let g = c + 192. What are the prime factors of g?
131
Let r(d) = 15*d - 14. Let a(l) = 44*l - 42. Let y(t) = -4*a(t) + 11*r(t). List the prime factors of y(-28).
2, 7, 23
Let g be (-2 - 6/3) + 4. Suppose g = 5*w - 0*c - 2*c - 478, 0 = -4*w + 4*c + 392. List the prime factors of w.
2, 47
Let h(p) = 3*p + 4. Let k(j) = 2*j + 3. Let q(u) = -u + 8. Let s be q(6). Let t(w) = s*k(w) - 3*h(w). List the prime factors of t(-5).
19
Suppose 2*g - 2105 = 5*j - 150, -3*g + 2*j = -2938. What are the prime factors of g?
2, 5, 7
List the prime factors of (12831/78)/((-2)/(-4)).
7, 47
Suppose 81722 = -80*x + 109*x. What are the prime factors of x?
2, 1409
Suppose 5*a - d + 33 = 76, -a - 1 = -5*d. Suppose 3*r - 9 = a. List the prime factors of ((-15)/r)/((-4)/16).
2, 5
Let h be (-2 - 4) + 8 + -9. Let x(s) = -s**2 - 17*s - 8. List the prime factors of x(h).
2, 31
Let m be 9012/30 - (-2 - (-36)/15). Suppose 4*j + m = 7*j. What are the prime factors of j?
2, 5
Suppose -3*a + 4 + 8 = 0. Suppose 0 = -l - a*l + 40. Let r(c) = c**3 - 8*c**2 + 3*c + 3. List the prime factors of r(l).
3
Let p(a) be the third derivative of 13*a**5/60 + a**4/8 - a**3/2 + 12*a**2. Let k be (-5)/(-2) + 2/(-4). List the prime factors of p(k).
5, 11
Let q be (-5)/(-2)*80/(-100). What are the prime factors of (-147)/q - 15/(-30)?
2, 37
Suppose -4*g = -6*q + 8*q - 1512, 2*g + 2*q = 758. List the prime factors of g.
13, 29
Suppose p + 5*f - 185 = -25, 800 = 5*p + 2*f. List the prime factors of p.
2, 5
Suppose 3*p - 243 = 3*g, 5*g = -5*p + 150 - 525. Let z = g + 119. List the prime factors of z.
41
Let k(u) be the second derivative of u**5/20 + 11*u**4/12 + 3*u**3/2 + u**2 - 7*u. List the prime factors of k(-10).
2, 3
Suppose -5*a + 10 = 3*o - 7, 0 = -3*o - 3. Suppose -a*f = -27 - 45. Let z = f + -12. What are the prime factors of z?
2, 3
Let t(a) = 2*a**2 - 16*a + 22. Let d be (11/(-33))/(0 - 2/66). List the prime factors of t(d).
2, 11
Suppose -24444 = -33*j - 9*j. What are the prime factors of j?
2, 3, 97
Let i(c) = -c + 5. Let d be i(8). What are the prime factors of d + 38/14 - 1444/(-7)?
2, 103
Let j be (-3 - -6)*(6 - 2). Let d = j + -10. List the prime factors of d/(-4) + (-51)/(-2).
5
Let r(b) be the second derivative of b**4 - b**3 - 7*b**2/2 + 11*b. What are the prime factors of r(-2)?
53
Let y(x) = 16*x**3 - 5*x**2 + 26*x - 76. Let u(d) = 3*d**3 - d**2 + 5*d - 15. Let b(a) = 11*u(a) - 2*y(a). List the prime factors of b(5).
2, 3, 17
Suppose -261 = 15*r - 5211. List the prime factors of r.
2, 3, 5, 11
Suppose 104*p - 74*p = 90150. List the prime factors of p.
5, 601
Let r(m) = -16*m + 6. Let g be r(8). Let o = -81 - g. What are the prime factors of o?
41
Suppose 230 = 2*x + 226, -4*c - 5*x = -14758. What are the prime factors of c?
3, 1229
Suppose 0 = -t + 2, 0 = 5*j - 5*t - 6417 + 922. What are 